False
Is 3279344 a multiple of 81?
False
Is 1500741 a multiple of 58?
False
Is 153 a factor of 8465367?
False
Is 28 a factor of 72017?
False
Is 54570 a multiple of 10?
True
Does 542 divide 95288?
False
Is 22206912 a multiple of 82?
True
Does 652 divide 865204?
True
Is 984649 a multiple of 10?
False
Is 192780 a multiple of 405?
True
Is 91366 a multiple of 57?
False
Does 13 divide 113178?
True
Does 44 divide 6539236?
True
Does 5 divide 950020?
True
Is 117530 a multiple of 146?
True
Is 492452 a multiple of 31?
False
Is 10067215 a multiple of 23?
True
Is 62641 a multiple of 6?
False
Does 30 divide 2801220?
True
Does 8 divide 5829953?
False
Is 4204668 a multiple of 196?
False
Does 30 divide 61230?
True
Does 17 divide 139887?
False
Does 149 divide 129353?
False
Is 172 a factor of 1339708?
True
Does 113 divide 3743?
False
Is 9057 a multiple of 87?
False
Does 13 divide 1162274?
False
Is 452 a factor of 1928232?
True
Is 653 a factor of 1617279?
False
Is 128 a factor of 24931?
False
Is 38282 a multiple of 29?
False
Does 6 divide 56504?
False
Is 595456 a multiple of 535?
False
Does 14 divide 9502105?
False
Does 40 divide 79320?
True
Does 208 divide 2862463?
False
Does 73 divide 90?
False
Does 13 divide 640914?
False
Is 243838 a multiple of 74?
False
Is 2453500 a multiple of 125?
True
Is 2527152 a multiple of 228?
True
Does 15 divide 1044785?
False
Is 15 a factor of 268440?
True
Is 724 a factor of 12088628?
True
Is 8 a factor of 124915?
False
Does 368 divide 1958692?
False
Is 7 a factor of 39974?
False
Does 37 divide 113812?
True
Is 7 a factor of 12850?
False
Is 268150 a multiple of 155?
True
Is 529587 a multiple of 57?
True
Is 1548222 a multiple of 26?
True
Is 18 a factor of 552579?
False
Does 126 divide 23957613?
False
Does 39 divide 1310790?
True
Is 10113 a multiple of 3?
True
Does 19 divide 1533524?
False
Is 686 a factor of 550172?
True
Is 884 a factor of 1448876?
True
Does 12 divide 580338?
False
Is 12246 a multiple of 46?
False
Is 7546210 a multiple of 335?
True
Is 15 a factor of 322635?
True
Does 183 divide 1138451?
False
Does 54 divide 87750?
True
Does 208 divide 2529072?
True
Is 67 a factor of 96808?
False
Is 13 a factor of 338148?
False
Is 524 a factor of 157724?
True
Does 970 divide 141541?
False
Is 723 a factor of 4318411?
False
Is 377980 even?
True
Is 731280 a multiple of 48?
True
Does 6 divide 92599?
False
Is 224726 a multiple of 664?
False
Is 659 a factor of 306230?
False
Is 1323 a factor of 1022866?
False
Is 13 a factor of 404223?
False
Is 13 a factor of 1532570?
True
Is 1853117 a multiple of 341?
False
Is 4011928 a multiple of 120?
False
Is 66990 a multiple of 21?
True
Is 464664 a multiple of 76?
True
Does 377 divide 371667?
False
Is 1510205 a multiple of 40?
False
Does 5 divide 150539?
False
Does 11 divide 1059883?
True
Is 31 a factor of 103932?
False
Does 14 divide 473200?
True
Is 2543148 a multiple of 18?
True
Is 419832 a multiple of 343?
True
Is 153594 a multiple of 18?
True
Does 6 divide 76980?
True
Is 19 a factor of 34979?
True
Is 369578 a multiple of 425?
False
Is 857634 a multiple of 14?
False
Does 9 divide 1035452?
False
Does 222 divide 944610?
True
Is 716833 a multiple of 823?
True
Is 1027650 a multiple of 663?
True
Is 46574 a multiple of 340?
False
Does 24 divide 67200?
True
Does 289 divide 75477?
False
Is 249 a factor of 1153973?
False
Is 21 a factor of 6616092?
True
Is 428400 a multiple of 144?
True
Is 147 a factor of 271967?
False
Is 20338 even?
True
Does 73 divide 1091277?
True
Is 52 a factor of 200727?
False
Does 4 divide 1316112?
True
Is 229361 a multiple of 719?
True
Does 17 divide 45759?
False
Is 14032990 a multiple of 370?
True
Is 1247 a factor of 3789077?
False
Is 16 a factor of 357877?
False
Is 32 a factor of 2874816?
True
Is 13 a factor of 549200?
False
Does 1050 divide 4156950?
True
Is 642 a factor of 1570112?
False
Does 14 divide 84883?
False
Does 8 divide 21712?
True
Is 42966 a multiple of 462?
True
Is 79 a factor of 1136652?
True
Is 111456 a multiple of 9?
True
Does 184 divide 1306400?
True
Is 17865 a multiple of 47?
False
Is 62992 a multiple of 16?
True
Is 24426146 a multiple of 254?
False
Is 732558 a multiple of 390?
False
Does 1440 divide 17601138?
False
Is 5 a factor of 2137700?
True
Does 8 divide 5131048?
True
Is 228 a factor of 8612949?
False
Does 60 divide 997710?
False
Is 185706 a multiple of 19?
True
Is 249 a factor of 127682?
False
Is 82 a factor of 143582?
True
Is 4 a factor of 69447?
False
Is 23 a factor of 16512781?
True
Does 14 divide 37554?
False
Is 64 a factor of 275541?
False
Is 15 a factor of 11211626?
False
Does 26 divide 232830?
True
Is 30 a factor of 21887070?
True
Is 64 a factor of 1073609?
False
Does 1829 divide 16012895?
True
Does 59 divide 3103?
False
Is 499 a factor of 816863?
True
Does 28 divide 3494709?
False
Is 141680 a multiple of 140?
True
Does 103 divide 2460258?
True
Is 3394170 a multiple of 83?
False
Is 2186003 a multiple of 58?
False
Is 12 a factor of 6979176?
True
Does 5 divide 30275?
True
Is 4 a factor of 279906?
False
Does 102 divide 11956?
False
Is 168 a factor of 112743?
False
Is 679290 a multiple of 19?
False
Is 11382 a multiple of 26?
False
Does 14 divide 2818060?
True
Does 5 divide 59125?
True
Is 2177724 a multiple of 81?
False
Does 497 divide 2541600?
False
Is 15640 a multiple of 10?
True
Is 47 a factor of 2392277?
False
Is 207300 a multiple of 22?
False
Is 32 a factor of 203863?
False
Does 6 divide 2324047?
False
Is 695 a factor of 4462135?
False
Does 10 divide 605390?
True
Does 10 divide 2617305?
False
Does 1319 divide 2598430?
True
Is 80 a factor of 417439?
False
Does 1154 divide 1905254?
True
Is 229 a factor of 5574318?
True
Does 175 divide 435225?
True
Is 216045 a multiple of 53?
False
Is 1961435 a multiple of 119?
False
Is 396 a factor of 495773?
False
Does 37 divide 55759?
True
Is 8 a factor of 1424640?
True
Is 117 a factor of 86419?
False
Is 28279057 a multiple of 28?
False
Is 90 a factor of 852788?
False
Does 5 divide 454692?
False
Is 1602360 a multiple of 45?
True
Does 3 divide 2153911?
False
Does 55 divide 35165?
False
Is 56 a factor of 3683913?
False
Does 8 divide 2742128?
True
Is 193572 a multiple of 19?
True
Is 16 a factor of 69985?
False
Is 370798 a multiple of 8?
False
Does 24 divide 22056?
True
Is 485100 a multiple of 84?
True
Is 837311 a multiple of 339?
False
Does 19 divide 3631394?
True
Is 302209 a multiple of 47?
False
Does 193 divide 1245043?
True
Does 2 divide 4872?
True
Is 9 a factor of 1940284?
False
Does 11 divide 958231?
False
Is 11 a factor of 2773540?
True
Is 723836 a multiple of 61?
False
Is 275 a factor of 17059?
False
Does 36 divide 9947?
False
Is 83 a factor of 19561?
False
Is 198 a factor of 469134?
False
Is 22 a factor of 395120?
True
Is 233 a factor of 121642?
False
Does 3 divide 3597?
True
Does 154 divide 55172?
False
Does 282 divide 385776?
True
Does 94 divide 519632?
True
Is 24 a factor of 29013?
False
Is 135 a factor of 170619?
False
Does 70 divide 8120?
True
Is 44 a factor of 150480?
True
Is 176958 a multiple of 132?
False
Is 25727 a multiple of 3?
False
Is 127783 a multiple of 7?
False
Is 8600 a multiple of 7?
False
Is 15 a factor of 2224410?
True
Is 1067088 a multiple of 47?
True
Does 14 divide 965342?
True
Is 54 a factor of 92356?
False
Is 28849 a multiple of 135?
False
Is 403 a factor of 1161392?
False
Is 121459 a multiple of 118?
False
Does 92 divide 83628?
True
Is 14136169 a multiple of 375?
False
Does 129 divide 1225935?
False
Is 30852 a multiple of 6?
True
Is 27 a factor of 79785?
True
Is 195 a factor of 1081080?
True
Is 868460 a multiple of 165?
False
Is 89 a factor of 2431521?
False
Does 546 divide 297658?
False
Is 275 a factor of 224675?
True
Is 75 a factor of 471900?
True
Does 8 divide 2633184?
True
Is 208000 a multiple of 520?
True
Is 41851 a multiple of 7?
False
Is 9 a factor of 9045029?
False
Is 1955988 a multiple of 324?
True
Is 256 a factor of 144384?
True
Does 364 divide 201528?
False
Is 107 a factor of 4196355?
False
Does 37 divide 1204054?
True
Is 195 a factor of 8345931?
False
Is 12305425 a multiple of 8?
False
Is 56 a factor of 796451?
False
Is 13658617 a multiple of 41?
True
Is 429942 a multiple of 393?
True
Is 14 a factor of 999802?
False
Is 6565368 a multiple of 247?
False
Is 293121 a multiple of 24